et t be l(-19). Let k = -224 - t. Is k a composite number?
False
Let c = -1830 - -470. Is (4 + -1 + c/100)*-215 prime?
False
Suppose 5*i - i = s - 14, 4*s - 45 = 5*i. Suppose s*o - 219 = 11*o. Let n = o + 514. Is n prime?
False
Is (3/3)/((-54)/(-10633302)) prime?
False
Let z(v) = -3*v**3 + 105*v**2 + 24*v + 393. Is z(-21) composite?
True
Suppose 81*t = 153*t - 2686104. Is t a composite number?
False
Suppose -58649 = -12*o + 57595. Suppose -5*n = -f - 51845, 2*n - 11051 = 2*f + o. Is n prime?
True
Suppose -75*y - 3*g = -71*y - 1143918, 0 = y - 3*g - 285987. Is y composite?
True
Let n be 20*(-315)/(-100)*(-345)/1. Is ((-4)/8)/(n/(-21738) + -1) a prime number?
True
Let x(v) = 15124*v + 3. Let j be x(1). Suppose -11*k = -4*k - j. Is k composite?
False
Let r(a) = 527*a**3 + a - 1. Let l be 3/6*(-6)/(-3). Let y be r(l). Suppose y + 3582 = 7*b. Is b a composite number?
False
Suppose -6*u + 5*a - 20 = -3*u, -2*u + a = 4. Suppose 4*z - 2*m + 4*m - 20 = 0, u = -2*z - 5*m + 2. Suppose -z*r = -10443 - 963. Is r a composite number?
False
Is (1317148/(-6))/(74/(-111)) prime?
False
Let o(d) = 70 + 31 + 134*d + 21*d. Is o(28) prime?
True
Let v = 746040 + -58787. Is v prime?
False
Suppose -76 = 36*y + 2*y. Is (-13763)/y + (-17)/34 prime?
False
Let a(i) = 5*i**3 - 66*i**2 + 102*i - 424. Is a(45) composite?
False
Let u(s) = 258*s**3 - 12*s**2 - 11*s + 3. Let f(a) = 257*a**3 - 14*a**2 - 12*a + 4. Let o(k) = 4*f(k) - 5*u(k). Is o(-2) a composite number?
False
Is 224/(-24)*2188530/(-120) a composite number?
True
Let c = -1435 + 2940. Suppose c = -23*u + 28*u. Is u a prime number?
False
Let r(p) = p**3 + 2*p**2 + p - 699. Let g be r(0). Let b = g + 3404. Is b a prime number?
False
Let b(u) = 182*u**2 - 505*u - 65. Is b(-24) a prime number?
False
Suppose -56*l + 53*l = -35571. Suppose 5*y = l + 8858. Is y prime?
False
Let h(r) = 10*r - 35. Let q be (-21)/(-9) - ((-40)/15 - -3). Suppose -14 = -n + q*v, -3*n - v - 5 + 19 = 0. Is h(n) a prime number?
False
Let z(m) = m**2 - 4*m + 4. Let t be z(4). Suppose 2*s = -0*s - 2*k + 8, 20 = 5*s + t*k. Is -4 + (-28659)/(-21) - s/(-14) composite?
False
Suppose -30*t + 2557836 + 2034034 = 140*t. Is t a prime number?
True
Let y = 5155 + -3656. Let t(m) = -2*m**2 + 12*m - 5. Let k be t(5). Suppose 1266 = k*b - y. Is b composite?
True
Let p be -139*(-25)/(-1) + (-196)/49. Let b = -1384 - p. Is b composite?
True
Is 1/(-5) + (2538108/30)/3 prime?
True
Suppose 5*q - 7*q + 3272 = 0. Suppose 3*o = -205 + q. Suppose z = -2*z + o. Is z prime?
False
Let f(d) = d**2 - 7*d - 13. Let b be f(9). Suppose -7*s - 4*y + 3250 = -b*s, 5*s - 8161 = -y. Is s composite?
True
Let y(z) = 23*z + 4. Let a = -58 - -61. Suppose -m = -a*m + 18. Is y(m) prime?
True
Let o = -7795 - -29637. Suppose -2 = -4*l + 14, -2*s - 4*l + o = 0. Is s a prime number?
False
Let j = 93515 - 64827. Let t(p) = 2*p**2 + 11*p + 6. Let x be t(-6). Suppose -11900 = x*s - j. Is s a composite number?
False
Let o = -152 - -155. Suppose -3*z + 6504 = o*m, -5*z - 3 = 22. Is m a composite number?
True
Let x be (22/8 - -4) + (-36)/48. Is -13522*(x - 3*(-26)/(-12)) composite?
False
Let g(u) = u**3 + 5*u**2 - 4*u - 3. Let x be g(-6). Is 9*10/x + 1233 prime?
False
Let j = 400 - 182. Let z = 327 - j. Is z composite?
False
Let o = 3329 - -3474. Is o a prime number?
True
Suppose 4*x - 42 = -2*v, 3 = 4*x + 3*v - 34. Let r(s) = 5 + 17*s**2 + 3*s - 11 + x + 167*s**2. Is r(-4) prime?
True
Let n be ((-248736)/64)/(2 - 11/4). Suppose -4*j = -n + 162. Is j composite?
True
Let n(c) = c**3 + 17*c**2 - 18*c + 35. Let u = -44 + 26. Let f be n(u). Let b = f - -176. Is b a prime number?
True
Let w(n) be the second derivative of 69*n**5/20 + n**4/3 - 2*n**2 - 23*n. Let b be w(-3). Let y = -1034 - b. Is y a composite number?
False
Let i = -28 + 33. Suppose 4*a - i*a = 1511. Let u = a - -2184. Is u a composite number?
False
Let i = 56950 - -114307. Is i prime?
False
Let i be (-24)/15 + 9/15. Is i/2*(-3085 - 7) a prime number?
False
Suppose -2*o - j = -326934, 25*o - 29*o + 653836 = -2*j. Is o prime?
False
Let x = 33927 + -7949. Suppose 5*t = -5, t - 4859 = 2*f - x. Is f prime?
True
Suppose 2*a - 8*d + 3*d - 134186 = 0, 4*d = 16. Is a a prime number?
True
Suppose 76*a - 786824 = 99108. Is a prime?
True
Suppose b = -4*b. Suppose 0 = 5*z + v - 27921, -4*z + v + 2*v + 22352 = b. Suppose -11*p + 6*p = -z. Is p composite?
False
Let g be (1 - 3)/(19/(-437)). Is (g/92)/(1/22178) a composite number?
True
Is -504582*((-76)/24 - -3) a composite number?
True
Let n = 52 - 60. Let z be 0*((-12)/n - (-22)/(-12)). Suppose 68 = 4*k + 2*o - 926, -5*k - 2*o + 1241 = z. Is k prime?
False
Let f(z) = -z**3 - z**2 - 2*z - 3. Let q be f(0). Let n be (167/q)/((-3)/(-45)). Let v = -390 - n. Is v composite?
True
Let n = 77 + -79. Let w be (320/n)/((-3)/24). Suppose -6*k + w - 278 = 0. Is k a composite number?
False
Let d = 13398 - -131. Is d prime?
False
Let j be 2/4*(-7 + -5377). Let r = 4787 + j. Is r a composite number?
True
Suppose 0 = -3*d + p + 9, -5*d - 8*p + 11*p = -15. Suppose -d*h - 2*h + 7543 = x, 3*h - 4531 = 2*x. Is h composite?
True
Let b = 1363 - 831. Suppose -2*k - f = -1267 - b, -5*f = -15. Suppose 1394 = 12*u - k. Is u prime?
True
Let l be (6/(-15))/(1/(-5)). Let f be ((-2)/4*l)/(2/(-2)). Is 465 - (4/(-2))/(f/1) prime?
True
Suppose 3*a + 16*m = a + 12270, a = m + 6099. Is a a composite number?
True
Let m = -112535 - -238062. Is m a composite number?
False
Let k(w) = 112322*w**2 + 22*w - 23. Is k(1) composite?
True
Let c be 5*-1*(0 - 5). Let w = -102 + 107. Suppose -385 = -w*s + c. Is s a prime number?
False
Suppose 7*u = 33 + 2. Suppose 2*i - 4*i = 4*v + 1244, 0 = -v - u*i - 293. Let q = v + 726. Is q a composite number?
True
Suppose 294 = -4*g + 4*s + 98, -4*s = -5*g - 241. Let k = -29 - g. Suppose 2*r + 270 = 2*l + k, -2*r = -4*l + 508. Is l prime?
True
Let g(q) = 880*q - 25. Let k(u) = 881*u - 25. Let y(v) = -4*g(v) + 3*k(v). Is y(-6) a prime number?
False
Let v = 186 + -182. Suppose -5*m + 18152 = -4*c + 5681, -v*c = -4*m + 9976. Is m a composite number?
True
Let v(l) = 59*l**3 - l**2 + 3*l + 13. Suppose 69*t - 16 = 65*t. Is v(t) prime?
False
Suppose 0 = -3*q + 6*q + b + 4, -3*q + 5*b = -2. Let y(s) = 3866*s**2 + s. Is y(q) prime?
False
Suppose 120154 = 15*i - 32786. Let m = i + -6369. Is m a prime number?
False
Let z = -27474 - -50617. Is z a prime number?
True
Let g(f) = -f**2 + 7*f - 6. Let h be g(3). Suppose -h*b = -21793 + 6607. Is b a prime number?
True
Let c(x) = -40*x**2 - 4*x - 3. Let h be c(-1). Let p = h - -37. Is p/(-6)*9 - -1190 prime?
True
Let z(a) = a**2 - 18*a + 21961. Suppose 0 = -6*o + 13*o. Is z(o) a prime number?
True
Let j(h) = h**3 - 2*h**2 + 2*h + 4. Let o = 47 - 43. Suppose 4*a - 5 + 21 = 0, 0 = -o*u + 5*a + 48. Is j(u) composite?
False
Suppose 28*r - 25*r - 195812 - 327955 = 0. Is r a prime number?
False
Suppose 0*b + 1 = -l - 2*b, b = l - 5. Suppose -24*d - l*d = -315279. Is d composite?
False
Let m(v) = 1364*v - 98. Let r be m(31). Suppose -r - 5674 = -20*i. Is i a composite number?
False
Suppose -5*b - 21 = -66. Let x be (-4 + 3)*b - (-3)/(-1). Is (2/(x/(-22)))/((-2)/(-42)) composite?
True
Let g(a) = -4091*a + 2293. Is g(-32) prime?
False
Let b be ((-2084)/6)/(3*6/(-27)). Let z be 2/(-13) + 57210/65. Let u = z - b. Is u a prime number?
True
Suppose 4*t = 3*r + 1265068, 368*t = 364*t - 4*r + 1265012. Is t prime?
False
Suppose -a - 2*m = 8, 2 + 2 = 4*a - m. Suppose 177*j - 179*j + 4 = a. Suppose j*p - 1040 = 2*f, -524 = p - 2*p - 3*f. Is p composite?
False
Suppose -14*b + 56 + 28 = 0. Let d(g) = g**2 - 7*g - 9. Let r be d(b). Let l = r + 578. Is l a composite number?
False
Let d be (-46459)/(-56) + (-22)/(-16) + -1. Suppose -18*g + 23*g = 2*f + d, 0 = 4*f. Is g prime?
False
Let c(b) = 2*b**2 - 29*b - 11. Let l be c(15). Suppose -5*d + 5*x + 9129 = -d, 11401 = 5*d + l*x. Is d prime?
True
Suppose -19*q = -24*q - 35. Is 26828 + q + -2 + 3 composite?
True
Suppose 2*a - 5 - 6 = -5*k, 2*a - 8 = -4*k. Suppose -2*l - 19 = -f, k*f - 79 = -2*f + 2*l. Is (445/f*-2)/(2/(-15)) a prime number?
False
Is ((-4431)/126 - 27)/(1/(-7698)) composite?
True
Let j(q) = 22*q + 35. Let l be j(-10). Suppose -1977 = -4*s - 25. Let u = s + l. Is u prime?
False
Let v(i) = 116*i**2 + 11*i + 6. Let p be v(-4). Suppose 2